ase 4) to base 11
3a75297
What is -1102332231 (base 4) in base 2?
-1010010111110101101
What is 100254201 (base 6) in base 12?
6a1361
Convert -107448 (base 9) to base 11.
-44525
-5282b2 (base 15) to base 9
-7343085
What is -207a33 (base 12) in base 10?
-511239
What is -44de7 (base 16) in base 2?
-1000100110111100111
What is 4d2d86 (base 14) in base 9?
5002236
Convert 694841 (base 11) to base 9.
2062864
Convert -112201010100102 (base 3) to base 12.
-274b5a8
What is -5118d (base 14) in base 4?
-233221021
What is 2063881 (base 10) in base 3?
10212212010001
-1426217 (base 8) to base 13
-11222b
Convert -38969 (base 11) to base 16.
-d9b7
Convert 22230b (base 14) to base 6.
40455423
4125aa (base 11) to base 16
a1ad8
What is -1232334 (base 12) in base 8?
-15425130
What is -ada11 (base 16) in base 14?
-14726d
Convert 275162 (base 11) to base 8.
1512511
-12881 (base 15) to base 9
-100304
Convert -408201 (base 13) to base 14.
-2b1ab5
Convert -251565 (base 10) to base 9.
-423066
407563 (base 11) to base 7
5363163
ab028 (base 14) to base 8
1451254
What is -d8107 (base 16) in base 3?
-1122221222202
-2b7b1a (base 13) to base 15
-163363
Convert -31449 (base 13) to base 15.
-1b3cc
What is 43624 (base 10) in base 9?
65751
Convert -c43b8 (base 16) to base 12.
-329188
13302221321 (base 4) to base 15
2a52ae
Convert -11110011110110011101010 (base 2) to base 14.
-10bddc6
What is -210000520 (base 6) in base 14?
-6aa424
What is 140141 (base 6) in base 2?
11001011011101
Convert 11313210332 (base 4) to base 16.
17793e
Convert 35555134 (base 6) to base 16.
111562
616414 (base 7) to base 9
170651
What is 2c8507 (base 13) in base 7?
12244630
What is -222011122000 (base 3) in base 11?
-322033
What is -110220200101 (base 3) in base 9?
-426611
4110355 (base 6) to base 13
6b1a7
79d63 (base 15) to base 12
1684a0
Convert -1001111010001100100 (base 2) to base 9.
-544366
What is 507e3 (base 15) in base 11?
16457a
Convert -c770 (base 13) to base 9.
-41818
-102033355 (base 6) to base 10
-1777607
What is -110010000011100110 (base 2) in base 7?
-1512520
What is 120420210 (base 5) in base 16?
88e28
-132310 (base 9) to base 7
-453345
What is -114032402 (base 5) in base 10?
-533477
-162c34 (base 15) to base 11
-672973
39113a (base 11) to base 6
21113441
What is -14526463 (base 8) in base 14?
-626483
What is -581389 (base 10) in base 12?
-240551
Convert 1818a9 (base 13) to base 8.
2232515
111000010101001000 (base 2) to base 14
60128
What is a35c8a (base 14) in base 11?
3123562
-100001010010100100 (base 2) to base 3
-20221001020
What is 230452253 (base 6) in base 10?
4237161
What is 102000021312 (base 4) in base 12?
16b7046
944680 (base 11) to base 13
41026c
-e49c (base 15) to base 13
-18ca2
53203 (base 12) to base 16
1aa63
What is -221020001 (base 3) in base 5?
-1042023
433603 (base 9) to base 6
5313003
5064006 (base 7) to base 3
1010200120110
Convert 6eb89 (base 16) to base 3.
212001002210
What is -7a59a3 (base 12) in base 8?
-7362513
Convert -2025823 (base 9) to base 7.
-12116421
Convert 282364 (base 10) to base 4.
1010323330
What is 2215344 (base 6) in base 10?
111376
What is -10010111110001001011 (base 2) in base 4?
-2113301023
Convert 1047533 (base 8) to base 12.
117563
Convert 56a340 (base 16) to base 4.
111222031000
Convert 2a6625 (base 11) to base 13.
1392c8
20a7a8 (base 11) to base 14
8a82d
Convert -10010010010100010010 (base 2) to base 5.
-123134224
114141432 (base 5) to base 9
1007706
-119467 (base 11) to base 10
-188228
Convert 212222211020 (base 3) to base 6.
14042223
Convert -2321544 (base 6) to base 9.
-202121
What is -110201231 (base 5) in base 12?
-1aabb3
-48a71 (base 13) to base 14
-36990
What is 11001101001111010110101 (base 2) in base 13?
151618b
What is -3bb08 (base 15) in base 11?
-120956
-2027 (base 12) to base 10
-3487
Convert -40078 (base 11) to base 4.
-32110121
Convert -9906166 (base 10) to base 15.
-d0a261
Convert -500594 (base 15) to base 10.
-3798139
-316a281 (base 12) to base 6
-532213441
Convert 1c497 (base 14) to base 15.
16626
3101896 (base 10) to base 11
1829556
Convert 8794b (base 14) to base 9.
550382
Convert -1387561 (base 13) to base 15.
-822b04
Convert 1e980 (base 16) to base 6.
2404052
What is -218766 (base 9) in base 16?
-2002e
Convert -10132234 (base 6) to base 7.
-2324452
Convert 1ac94b (base 15) to base 11.
813982
365562 (base 11) to base 12
23a81b
What is 3677b8 (base 16) in base 6?
204301520
-313022 (base 9) to base 16
-2d63b
-370050a (base 11) to base 12
-21a847b
What is 162b66 (base 15) in base 5?
233304241
Convert -25225031 (base 8) to base 3.
-101111120011012
-24207aa (base 11) to base 12
-14b4887
What is 581810 (base 12) in base 15?
1cd9b0
What is 14588458 (base 9) in base 11?
4110612
-2332214020 (base 5) to base 15
-70a7c5
What is -b7b22 (base 15) in base 14?
-112675
Convert -206437 (base 10) to base 12.
-9b571
What is -178b13a (base 14) in base 11?
-6625384
What is -111110000011010110101 (base 2) in base 6?
-111325325
-1b23a (base 12) to base 4
-21302032
Convert -1d9b23 (base 14) to base 15.
-160460
12672163 (base 8) to base 3
12100200112021
What is 52424416 (base 7) in base 14?
8332b6
Convert -616758 (base 10) to base 2.
-10010110100100110110
46136 (base 9) to base 4
13200030
-32004034 (base 5) to base 12
-10a028
6108033 (base 9) to base 16
31a535
Convert -8aa591a (base 11) to base 8.
-74627225
What is 3481867 (base 9) in base 4?
13030010131
Convert -31442264 (base 7) to base 6.
-133050152
Convert 101000111110100000 (base 2) to base 5.
20332330
231110302 (base 4) to base 6
3551254
Convert -256a91 (base 13) to base 14.
-1961ad
-20020410311 (base 5) to base 3
-1101001220021210
Convert 2111324 (base 5) to base 2.
1000100110001110
-255400320 (base 6) to base 10
-5023416
Convert -11101110110110000001 (base 2) to base 12.
-3b2195
What is -60641441 (base 7) in base 13?
-107b814
Convert -112322021 (base 4) to base 6.
-2002225
Convert -71632 (base 14) to base 2.
-1000010100111101100
What is 1b3b68b (base 12) in base 13?
1283504
-292422 (base 10) to base 6
-10133450
What is 8015280 (base 10) in base 15?
a84d70
558019 (base 11) to base 16
d9128
What is -72015 (base 8) in base 7?
-152421
What is 130330130 (base 5) in base 6?
21345442
Convert 1b0c8 (base 14) to base 11.
47744
Convert -ac977 (base 14) to base 3.
-210021200221
What is 382a374 (base 11) in base 15?
8b4352
1151045 (base 8) to base 13
b0a62
What is -11132323344 (base 5) in base 14?
-1905c55
11220122 (base 5) to base 10
101287
5d190 (base 16) to base 6
12101224
-1002200020101101 (base 3) to base 7
-251022553
3443030131 (base 5) to base 13
17c6831
What is 1fcd8 (base 16) in base 2?
11111110011011000
-1100203 (base 4) to base 13
-2467
What is 102722 (base 11) in base 3?
22100202201
What is 4a848 (base 11) in base 12?
36226
Convert -375358 (base 10) to base 12.
-16127a
Convert -703003 (base 9) to base 13.
-1171a1
What is -2c1c (base 13) in base 8?
-14457
Convert 32440102 (base 6) to base 16.
ecae6
Convert -10001010011100000111 (base 2) to base 16.
-8a707
What is 334404301 (base 6) in base 16?
5d09cd
4823b (base 12) to base 6
2025315
Convert 2122102102000 (base 3) to base 11.
880229
What is 210022200221 (base 3) in base 7?
3365401
1332010 (base 6) to base 7
426435
Convert b0874 (base 13) to base 12.
132796
-100313213 (base 4) to base 10
-69095
-1204214 (base 6) to base 4
-33122302
Convert 351423a (base 11) to base 10.
6140188
Convert 1951 (base 12) to base 3.
11020021
24b44 (base 13) to base 15
1516a
-60a43b4 (base 12) to base 5
-14120140434
Convert -5cadbd (base 14) to base 5.
-1303232032
What is 1a92c5 (base 13) in base 15?
d59a0
Convert -f821 (base 16) to base 7.
-353123
97648 (base 11) to base 5
14014424
-323136 (base 13) to base 12
-489726
Convert -1051344 (base 6) to base 4.
-31003300
432240 (base 6) to base 7
205362
Convert -638cc (base 13) to base 4.
-223310111
What is -1000000010111111101 (base 2) in base 14?
-6c141
1410215 (base 6) to base 4
103110203
What is -1001220000211 (base 3) in base 10?
-568642
Convert 14b3a66 (base 12) to base 4.
100011110232
Convert -628238 (base 11) to base 14.
-1c2b43
What is 1101003331 (base 5) in base 6?
122325105
-45307 (base 8) to base 13
-8937
What is -51e72e (base 16) in base 11?
-3036835
What is -10022110121022 (base 3) in base 7?
-20653016
